{"id":8,"date":"2020-05-17T15:22:53","date_gmt":"2020-05-17T12:22:53","guid":{"rendered":"https:\/\/allinapu.fi\/?page_id=8"},"modified":"2024-04-03T12:13:19","modified_gmt":"2024-04-03T09:13:19","slug":"ota-yhteytta","status":"publish","type":"page","link":"https:\/\/allinapu.fi\/?page_id=8","title":{"rendered":"OTA YHTEYTT\u00c4"},"content":{"rendered":"\n<figure class=\"wp-block-image size-full is-style-default\"><img loading=\"lazy\" decoding=\"async\" width=\"2450\" height=\"1500\" src=\"https:\/\/allinapu.fi\/wp-content\/uploads\/2020\/06\/header5B.jpg\" alt=\"\" class=\"wp-image-281\" srcset=\"https:\/\/allinapu.fi\/wp-content\/uploads\/2020\/06\/header5B.jpg 2450w, https:\/\/allinapu.fi\/wp-content\/uploads\/2020\/06\/header5B-300x184.jpg 300w, https:\/\/allinapu.fi\/wp-content\/uploads\/2020\/06\/header5B-1024x627.jpg 1024w, https:\/\/allinapu.fi\/wp-content\/uploads\/2020\/06\/header5B-768x470.jpg 768w, https:\/\/allinapu.fi\/wp-content\/uploads\/2020\/06\/header5B-1536x940.jpg 1536w, https:\/\/allinapu.fi\/wp-content\/uploads\/2020\/06\/header5B-2048x1254.jpg 2048w\" sizes=\"auto, (max-width: 2450px) 100vw, 2450px\" \/><\/figure>\n\n\n\n<p>S\u00e4hk\u00f6posti on k\u00e4tev\u00e4 tapa ottaa yhteytt\u00e4 pitopalvelu- ja astiavuokraustilauksiin liittyen. Vastaamme posteihin mahdollisimman pian. Hoidamme toki tilauksien vastaanottoa my\u00f6s puhelimitse. Jos emme pysty vastaamaan heti, j\u00e4t\u00e4th\u00e4n viestin, niin otamme yhteytt\u00e4.<br><\/p>\n\n\n\n<p>Sari Lajusuo<br>Allin Apu (2960719-9)<br>Ajulantie 23, 37800 AKAA<br><a href=\"mailto:sari@allinapu.fi\">sari(at)allinapu.fi<\/a><br>0400 987 966<\/p>\n","protected":false},"excerpt":{"rendered":"<p>S\u00e4hk\u00f6posti on k\u00e4tev\u00e4 tapa ottaa yhteytt\u00e4 pitopalvelu- ja astiavuokraustilauksiin liittyen. Vastaamme posteihin mahdollisimman pian. Hoidamme toki tilauksien vastaanottoa my\u00f6s puhelimitse. Jos emme pysty vastaamaan heti, j\u00e4t\u00e4th\u00e4n viestin, niin otamme yhteytt\u00e4. Sari LajusuoAllin Apu (2960719-9)Ajulantie 23, 37800 AKAAsari(at)allinapu.fi0400 987 966<\/p>\n","protected":false},"author":2,"featured_media":0,"parent":0,"menu_order":0,"comment_status":"closed","ping_status":"closed","template":"","meta":{"footnotes":""},"class_list":["post-8","page","type-page","status-publish","hentry"],"_links":{"self":[{"href":"https:\/\/allinapu.fi\/index.php?rest_route=\/wp\/v2\/pages\/8","targetHints":{"allow":["GET"]}}],"collection":[{"href":"https:\/\/allinapu.fi\/index.php?rest_route=\/wp\/v2\/pages"}],"about":[{"href":"https:\/\/allinapu.fi\/index.php?rest_route=\/wp\/v2\/types\/page"}],"author":[{"embeddable":true,"href":"https:\/\/allinapu.fi\/index.php?rest_route=\/wp\/v2\/users\/2"}],"replies":[{"embeddable":true,"href":"https:\/\/allinapu.fi\/index.php?rest_route=%2Fwp%2Fv2%2Fcomments&post=8"}],"version-history":[{"count":27,"href":"https:\/\/allinapu.fi\/index.php?rest_route=\/wp\/v2\/pages\/8\/revisions"}],"predecessor-version":[{"id":472,"href":"https:\/\/allinapu.fi\/index.php?rest_route=\/wp\/v2\/pages\/8\/revisions\/472"}],"wp:attachment":[{"href":"https:\/\/allinapu.fi\/index.php?rest_route=%2Fwp%2Fv2%2Fmedia&parent=8"}],"curies":[{"name":"wp","href":"https:\/\/api.w.org\/{rel}","templated":true}]}}