{"id":6,"date":"2020-05-17T15:22:53","date_gmt":"2020-05-17T12:22:53","guid":{"rendered":"https:\/\/allinapu.fi\/?page_id=6"},"modified":"2024-08-05T10:30:54","modified_gmt":"2024-08-05T07:30:54","slug":"uusi-umoma-avaa-ovensa-2","status":"publish","type":"page","link":"https:\/\/allinapu.fi\/?page_id=6","title":{"rendered":"Allin Apu \/ pitopalvelu"},"content":{"rendered":"\n<div class=\"wp-block-group alignwide\"><div class=\"wp-block-group__inner-container is-layout-flow wp-block-group-is-layout-flow\"><div class=\"n2-section-smartslider fitvidsignore  n2_clear\" data-ssid=\"5\" tabindex=\"0\" role=\"region\" aria-label=\"Slider\"><div id=\"n2-ss-5-align\" class=\"n2-ss-align\"><div class=\"n2-padding\"><div id=\"n2-ss-5\" data-creator=\"Smart Slider 3\" data-responsive=\"auto\" class=\"n2-ss-slider n2-ow n2-has-hover n2notransition  \">\n        <div class=\"n2-ss-slider-1 n2-ow\">\n            <div class=\"n2-ss-slider-2 n2-ow\">\n                <div class=\"n2-ss-slide-backgrounds n2-ow-all\"><div class=\"n2-ss-slide-background\" data-public-id=\"1\" data-mode=\"fill\"><div class=\"n2-ss-slide-background-image\" data-blur=\"0\" data-opacity=\"100\" data-x=\"53\" data-y=\"49\" data-alt=\"\" data-title=\"\" style=\"--ss-o-pos-x:53%;--ss-o-pos-y:49%\"><picture class=\"skip-lazy\" data-skip-lazy=\"1\"><img decoding=\"async\" src=\"\/\/allinapu.fi\/wp-content\/uploads\/2024\/08\/Nayttokuva-2024-08-05-102608.png\" alt=\"\" title=\"\" loading=\"lazy\" class=\"skip-lazy\" data-skip-lazy=\"1\"><\/picture><\/div><div data-color=\"RGBA(255,255,255,0)\" style=\"background-color: RGBA(255,255,255,0);\" class=\"n2-ss-slide-background-color\"><\/div><\/div><\/div>                <div class=\"n2-ss-slider-3 n2-ow\">\n                    <svg xmlns=\"http:\/\/www.w3.org\/2000\/svg\" viewBox=\"0 0 1200 600\" data-related-device=\"desktopPortrait\" class=\"n2-ow n2-ss-preserve-size n2-ss-preserve-size--slider n2-ss-slide-limiter\"><\/svg><div data-first=\"1\" data-slide-duration=\"0\" data-id=\"16\" data-slide-public-id=\"1\" data-title=\"N\u00e4ytt\u00f6kuva 2024-08-05 102608\" class=\"n2-ss-slide n2-ow  n2-ss-slide-16\"><div role=\"note\" class=\"n2-ss-slide--focus\" tabindex=\"-1\">N\u00e4ytt\u00f6kuva 2024-08-05 102608<\/div><div class=\"n2-ss-layers-container n2-ss-slide-limiter n2-ow\"><div class=\"n2-ss-layer n2-ow n-uc-6398R6UpLO9c\" data-sstype=\"slide\" data-pm=\"default\"><\/div><\/div><\/div>                <\/div>\n                            <\/div>\n        <\/div>\n        <\/div><ss3-loader><\/ss3-loader><\/div><\/div><div class=\"n2_clear\"><\/div><\/div>\n\n\n<div style=\"height:28px\" aria-hidden=\"true\" class=\"wp-block-spacer\"><\/div>\n\n\n\n<h2 class=\"has-text-align-left has-black-color has-text-color wp-block-heading\">Allin Apu &#8211; pitopalvelua toiveittesi mukaan<br><\/h2>\n<\/div><\/div>\n\n\n\n<div class=\"wp-block-columns alignwide is-layout-flex wp-container-core-columns-is-layout-9d6595d7 wp-block-columns-is-layout-flex\">\n<div class=\"wp-block-column is-layout-flow wp-block-column-is-layout-flow\">\n<div class=\"wp-block-group\"><div class=\"wp-block-group__inner-container is-layout-flow wp-block-group-is-layout-flow\">\n<h4 class=\"has-text-color wp-block-heading\" style=\"color:#5aa02c\"><br>Unohtumattomiin juhliin kuuluvat my\u00f6s maukkaat, laadukkaat tarjottavat<\/h4>\n\n\n\n<p>Allin Apu tarjoaa pienimuotoista pitopalvelua juhliisi ja muihin tapahtumiin. Tuotteiden korkean laadun ja hyv\u00e4n maun lis\u00e4ksi otamme aina huomioon my\u00f6s erilaisten ruokavalioiden ja allergioiden asettamat vaatimukset. Ruokatilaukset onnistuvat noin 30 henkil\u00f6lle. Kahvip\u00f6yt\u00e4\u00e4n tarjottavaa voidaan valmistaa maksimissaan 100:lle vieraalle.<\/p>\n\n\n\n<p>Ruuissa k\u00e4yt\u00e4mme mahdollisimman paljon suomalaisia raaka-aineita mm. peruna- ja porkkanarieskat tehd\u00e4\u00e4n itsetehdyist\u00e4 soseista suomalaisista juureksista<br><\/p>\n\n\n\n<div style=\"height:100px\" aria-hidden=\"true\" class=\"wp-block-spacer\"><\/div>\n\n\n\n<h4 class=\"has-text-color wp-block-heading\" style=\"color:#5aa02c\">Voileip\u00e4- ja t\u00e4ytekakut<\/h4>\n\n\n\n<p>Allin voileip\u00e4kakut ovat maukkaita, runsast\u00e4ytteisi\u00e4 ja v\u00e4h\u00e4laktoosisia. Voileip\u00e4kakkuja on saatavana liha-, kana-, kasvis tai kalat\u00e4ytteell\u00e4. Kakkujen annoskoko on 150 g \/ henkil\u00f6. Kakut ovat aina tuoreita, sill\u00e4 ne valmistetaan tilauksen mukaan juhlap\u00e4iv\u00e4ksi. Kakut rakennetaan voileip\u00e4kakkukupuun, jossa kakut on helppo kuljettaa ja ne voidaan asettaa sellaisenaan tarjolle.<\/p>\n\n\n\n<p><br>T\u00e4ytekakut ovat reilun kokoisia, herkullisia ja sopivan kosteita. Kakkuja saa tarvittaessa v\u00e4h\u00e4laktoosisina, t\u00e4ysin laktoosittomina ja\/tai gluteenittomina. Kakkujen annoskoko on 100g \/ henkil\u00f6. Kakut valmistetaan tilausten mukaan juhlap\u00e4iv\u00e4ksi, joten ne ovat aina tuoreita. Kakut rakennetaan tukevalle alustalle, josta ne ovat helppo asettaa suoraan tarjoiltavaksi.<br><\/p>\n\n\n\n<p><\/p>\n<\/div><\/div>\n<\/div>\n<\/div>\n\n\n\n<p><\/p>\n","protected":false},"excerpt":{"rendered":"<p>Allin Apu &#8211; pitopalvelua toiveittesi mukaan Unohtumattomiin juhliin kuuluvat my\u00f6s maukkaat, laadukkaat tarjottavat Allin Apu tarjoaa pienimuotoista pitopalvelua juhliisi ja muihin tapahtumiin. Tuotteiden korkean laadun ja hyv\u00e4n maun lis\u00e4ksi otamme aina huomioon my\u00f6s erilaisten ruokavalioiden ja allergioiden asettamat vaatimukset. Ruokatilaukset onnistuvat noin 30 henkil\u00f6lle. Kahvip\u00f6yt\u00e4\u00e4n tarjottavaa voidaan valmistaa maksimissaan 100:lle vieraalle. Ruuissa k\u00e4yt\u00e4mme mahdollisimman paljon [&hellip;]<\/p>\n","protected":false},"author":2,"featured_media":0,"parent":0,"menu_order":0,"comment_status":"closed","ping_status":"closed","template":"","meta":{"footnotes":""},"class_list":["post-6","page","type-page","status-publish","hentry"],"_links":{"self":[{"href":"https:\/\/allinapu.fi\/index.php?rest_route=\/wp\/v2\/pages\/6","targetHints":{"allow":["GET"]}}],"collection":[{"href":"https:\/\/allinapu.fi\/index.php?rest_route=\/wp\/v2\/pages"}],"about":[{"href":"https:\/\/allinapu.fi\/index.php?rest_route=\/wp\/v2\/types\/page"}],"author":[{"embeddable":true,"href":"https:\/\/allinapu.fi\/index.php?rest_route=\/wp\/v2\/users\/2"}],"replies":[{"embeddable":true,"href":"https:\/\/allinapu.fi\/index.php?rest_route=%2Fwp%2Fv2%2Fcomments&post=6"}],"version-history":[{"count":65,"href":"https:\/\/allinapu.fi\/index.php?rest_route=\/wp\/v2\/pages\/6\/revisions"}],"predecessor-version":[{"id":496,"href":"https:\/\/allinapu.fi\/index.php?rest_route=\/wp\/v2\/pages\/6\/revisions\/496"}],"wp:attachment":[{"href":"https:\/\/allinapu.fi\/index.php?rest_route=%2Fwp%2Fv2%2Fmedia&parent=6"}],"curies":[{"name":"wp","href":"https:\/\/api.w.org\/{rel}","templated":true}]}}